{"id":1061,"date":"2011-08-04T11:13:59","date_gmt":"2011-08-04T09:13:59","guid":{"rendered":"http:\/\/weinhaus-machmer.de\/blog\/?page_id=1061"},"modified":"2011-08-27T16:34:51","modified_gmt":"2011-08-27T14:34:51","slug":"gewurztraminer-eiswein","status":"publish","type":"page","link":"https:\/\/weinhaus-machmer.de\/blog\/weine-der-spitzenklasse\/gewurztraminer-eiswein\/","title":{"rendered":"Gew\u00fcrztraminer Eiswein 2004"},"content":{"rendered":"<p><span style=\"font-size: medium;\"><strong>Ein Weintraum in exclusivem Design,<\/strong><\/span><\/p>\n<p><span style=\"font-size: medium;\"><strong>geerntet bei klirrender K\u00e4lte.<\/strong><\/span><\/p>\n<p><span style=\"font-size: medium;\"><strong>Intensive Frucharomen.<\/strong><\/span><\/p>\n<p><span style=\"font-size: medium;\"><strong>An diesem Wein haben noch Ihre Enkel Freude.<\/strong><\/span><\/p>\n<p><span style=\"font-size: medium;\"><strong>Abstammung:<\/strong><\/span><\/p>\n<p><span style=\"font-size: medium;\"><strong>ungekl\u00e4rt (wahrscheinlich S\u00fcdeuropa), in Deutschland<\/strong><\/span><\/p>\n<p><span style=\"font-size: medium;\"><strong> seit anfang des 16. Jahrhunderts angebaut<\/strong><\/span><\/p>\n<p><span style=\"font-size: medium;\"><strong>Aromen:<\/strong><\/span><\/p>\n<p><span style=\"font-size: medium;\"><strong>Rose, Litschi(Lychee), Gew\u00fcrznelken, Bitterorange<\/strong><\/span><\/p>\n<p><span style=\"font-size: medium;\"><strong>Art.Nr.: 470<\/strong><\/span><\/p>\n<p><span style=\"font-size: medium;\"><strong>Jahrgang: 2003 &#8211; 19,50 \u20ac &#8211; Art.Nr.: 370<\/strong><\/span><\/p>\n","protected":false},"excerpt":{"rendered":"<p>Ein Weintraum in exclusivem Design, geerntet bei klirrender K\u00e4lte. Intensive Frucharomen. An diesem Wein haben noch Ihre Enkel Freude. Abstammung: ungekl\u00e4rt (wahrscheinlich S\u00fcdeuropa), in Deutschland seit anfang des 16. Jahrhunderts [&hellip;]<\/p>\n","protected":false},"author":2,"featured_media":0,"parent":716,"menu_order":0,"comment_status":"open","ping_status":"open","template":"","meta":{"footnotes":""},"class_list":["post-1061","page","type-page","status-publish","hentry"],"aioseo_notices":[],"_links":{"self":[{"href":"https:\/\/weinhaus-machmer.de\/blog\/wp-json\/wp\/v2\/pages\/1061","targetHints":{"allow":["GET"]}}],"collection":[{"href":"https:\/\/weinhaus-machmer.de\/blog\/wp-json\/wp\/v2\/pages"}],"about":[{"href":"https:\/\/weinhaus-machmer.de\/blog\/wp-json\/wp\/v2\/types\/page"}],"author":[{"embeddable":true,"href":"https:\/\/weinhaus-machmer.de\/blog\/wp-json\/wp\/v2\/users\/2"}],"replies":[{"embeddable":true,"href":"https:\/\/weinhaus-machmer.de\/blog\/wp-json\/wp\/v2\/comments?post=1061"}],"version-history":[{"count":9,"href":"https:\/\/weinhaus-machmer.de\/blog\/wp-json\/wp\/v2\/pages\/1061\/revisions"}],"predecessor-version":[{"id":1105,"href":"https:\/\/weinhaus-machmer.de\/blog\/wp-json\/wp\/v2\/pages\/1061\/revisions\/1105"}],"up":[{"embeddable":true,"href":"https:\/\/weinhaus-machmer.de\/blog\/wp-json\/wp\/v2\/pages\/716"}],"wp:attachment":[{"href":"https:\/\/weinhaus-machmer.de\/blog\/wp-json\/wp\/v2\/media?parent=1061"}],"curies":[{"name":"wp","href":"https:\/\/api.w.org\/{rel}","templated":true}]}}