{"id":1147,"date":"2011-08-07T00:27:34","date_gmt":"2011-08-06T22:27:34","guid":{"rendered":"http:\/\/weinhaus-machmer.de\/blog\/?page_id=1147"},"modified":"2012-05-08T17:09:22","modified_gmt":"2012-05-08T15:09:22","slug":"anfahrt-2","status":"publish","type":"page","link":"https:\/\/weinhaus-machmer.de\/blog\/anfahrt-2\/","title":{"rendered":"Anfahrt"},"content":{"rendered":"<p><iframe loading=\"lazy\" src=\"http:\/\/maps.google.de\/maps?client=firefox-a&amp;channel=s&amp;hl=de&amp;ie=UTF8&amp;q=wein+machmer+d%C3%BCsseldorf&amp;fb=1&amp;gl=de&amp;hq=wein+machmer&amp;hnear=0x47b8c97bf1465907:0x42760fc4a2a73b0,D%C3%BCsseldorf&amp;cid=0,0,2481061328212082520&amp;t=m&amp;vpsrc=0&amp;iwloc=A&amp;ll=51.20652,6.77717&amp;spn=0.00695,0.01929&amp;output=embed\" frameborder=\"0\" marginwidth=\"0\" marginheight=\"0\" scrolling=\"no\" width=\"425\" height=\"350\"><\/iframe><br \/>\n<small><a style=\"color: #0000ff; text-align: left;\" href=\"http:\/\/maps.google.de\/maps?client=firefox-a&amp;channel=s&amp;hl=de&amp;ie=UTF8&amp;q=wein+machmer+d%C3%BCsseldorf&amp;fb=1&amp;gl=de&amp;hq=wein+machmer&amp;hnear=0x47b8c97bf1465907:0x42760fc4a2a73b0,D%C3%BCsseldorf&amp;cid=0,0,2481061328212082520&amp;t=m&amp;vpsrc=0&amp;iwloc=A&amp;ll=51.20652,6.77717&amp;spn=0.00695,0.01929&amp;source=embed\">Gr\u00f6\u00dfere Kartenansicht<\/a><\/small><\/p>\n<h3><strong>Parken f\u00fcr die Dauer des Einkaufs :<\/strong><\/h3>\n<h3><strong> vor der Garge neben dem Weinhaus.<\/strong><\/h3>\n<h3><strong> Bitte nach m\u00f6glichkeit ganz rechts parken. Danke!<br \/>\n<\/strong><\/h3>\n","protected":false},"excerpt":{"rendered":"<p>Gr\u00f6\u00dfere Kartenansicht Parken f\u00fcr die Dauer des Einkaufs : vor der Garge neben dem Weinhaus. Bitte nach m\u00f6glichkeit ganz rechts parken. Danke!<\/p>\n","protected":false},"author":2,"featured_media":0,"parent":0,"menu_order":0,"comment_status":"open","ping_status":"open","template":"","meta":{"footnotes":""},"class_list":["post-1147","page","type-page","status-publish","hentry"],"aioseo_notices":[],"_links":{"self":[{"href":"https:\/\/weinhaus-machmer.de\/blog\/wp-json\/wp\/v2\/pages\/1147","targetHints":{"allow":["GET"]}}],"collection":[{"href":"https:\/\/weinhaus-machmer.de\/blog\/wp-json\/wp\/v2\/pages"}],"about":[{"href":"https:\/\/weinhaus-machmer.de\/blog\/wp-json\/wp\/v2\/types\/page"}],"author":[{"embeddable":true,"href":"https:\/\/weinhaus-machmer.de\/blog\/wp-json\/wp\/v2\/users\/2"}],"replies":[{"embeddable":true,"href":"https:\/\/weinhaus-machmer.de\/blog\/wp-json\/wp\/v2\/comments?post=1147"}],"version-history":[{"count":13,"href":"https:\/\/weinhaus-machmer.de\/blog\/wp-json\/wp\/v2\/pages\/1147\/revisions"}],"predecessor-version":[{"id":2507,"href":"https:\/\/weinhaus-machmer.de\/blog\/wp-json\/wp\/v2\/pages\/1147\/revisions\/2507"}],"wp:attachment":[{"href":"https:\/\/weinhaus-machmer.de\/blog\/wp-json\/wp\/v2\/media?parent=1147"}],"curies":[{"name":"wp","href":"https:\/\/api.w.org\/{rel}","templated":true}]}}