{"id":3017,"date":"2014-09-28T15:45:19","date_gmt":"2014-09-28T13:45:19","guid":{"rendered":"http:\/\/weinhaus-machmer.de\/blog\/?page_id=3017"},"modified":"2014-09-28T16:17:44","modified_gmt":"2014-09-28T14:17:44","slug":"widerrufsrecht-fuer-verbraucher","status":"publish","type":"page","link":"https:\/\/weinhaus-machmer.de\/blog\/widerrufsrecht-fuer-verbraucher\/","title":{"rendered":"Widerrufsrecht f\u00fcr Verbraucher"},"content":{"rendered":"<p>Zum einsehen bitte folgenden Link anklicken<\/p>\n<p><a href=\"http:\/\/weinhaus-machmer.de\/blog\/wp-content\/uploads\/2014\/09\/Widerrufsrecht-f\u00fcr-Verbraucher.pdf\">Widerrufsrecht f\u00fcr Verbraucher<\/a><\/p>\n<p>f\u00fcr den Widerruf k\u00f6nnen Sie folgendes Formular unter dem Link nutzen oder eigenes Text aufsetzen<\/p>\n<p><a href=\"http:\/\/weinhaus-machmer.de\/blog\/wp-content\/uploads\/2014\/09\/Widerrufsformular.pdf\">Widerrufsformular<\/a><\/p>\n","protected":false},"excerpt":{"rendered":"<p>Zum einsehen bitte folgenden Link anklicken Widerrufsrecht f\u00fcr Verbraucher f\u00fcr den Widerruf k\u00f6nnen Sie folgendes Formular unter dem Link nutzen oder eigenes Text aufsetzen Widerrufsformular<\/p>\n","protected":false},"author":2,"featured_media":0,"parent":0,"menu_order":0,"comment_status":"open","ping_status":"open","template":"","meta":{"footnotes":""},"class_list":["post-3017","page","type-page","status-publish","hentry"],"aioseo_notices":[],"_links":{"self":[{"href":"https:\/\/weinhaus-machmer.de\/blog\/wp-json\/wp\/v2\/pages\/3017","targetHints":{"allow":["GET"]}}],"collection":[{"href":"https:\/\/weinhaus-machmer.de\/blog\/wp-json\/wp\/v2\/pages"}],"about":[{"href":"https:\/\/weinhaus-machmer.de\/blog\/wp-json\/wp\/v2\/types\/page"}],"author":[{"embeddable":true,"href":"https:\/\/weinhaus-machmer.de\/blog\/wp-json\/wp\/v2\/users\/2"}],"replies":[{"embeddable":true,"href":"https:\/\/weinhaus-machmer.de\/blog\/wp-json\/wp\/v2\/comments?post=3017"}],"version-history":[{"count":4,"href":"https:\/\/weinhaus-machmer.de\/blog\/wp-json\/wp\/v2\/pages\/3017\/revisions"}],"predecessor-version":[{"id":3026,"href":"https:\/\/weinhaus-machmer.de\/blog\/wp-json\/wp\/v2\/pages\/3017\/revisions\/3026"}],"wp:attachment":[{"href":"https:\/\/weinhaus-machmer.de\/blog\/wp-json\/wp\/v2\/media?parent=3017"}],"curies":[{"name":"wp","href":"https:\/\/api.w.org\/{rel}","templated":true}]}}