{"id":575,"date":"2011-08-01T19:44:26","date_gmt":"2011-08-01T17:44:26","guid":{"rendered":"http:\/\/weinhaus-machmer.de\/blog\/?page_id=575"},"modified":"2018-01-31T15:21:04","modified_gmt":"2018-01-31T13:21:04","slug":"portugieser-rose-feinherb","status":"publish","type":"page","link":"https:\/\/weinhaus-machmer.de\/blog\/rosewein\/portugieser-rose-feinherb\/","title":{"rendered":"Portugieser Ros\u00e9 feinherb"},"content":{"rendered":"<p><span style=\"font-size: medium;\"><strong>Erfrischender Terrassenwein, kr\u00e4ftige Farbe<\/strong><\/span><\/p>\n<p><span style=\"font-size: medium;\"><strong>mit 8 g\/l Rests\u00fc\u00dfe, -spritzig &#8211; feinherb<\/strong><\/span><\/p>\n<p><span style=\"font-size: medium;\"><strong>Abstammung:<\/strong><\/span><\/p>\n<p><span style=\"font-size: medium;\"><strong>aus \u00d6sterreich-Ungarn im 19. Jahrhundert nach Deutschland<\/strong><\/span><\/p>\n<p><span style=\"font-size: medium;\"><strong>gekommen. Nach Sp\u00e4tburgunder und Dornfelder,<\/strong><\/span><\/p>\n<p><span style=\"font-size: medium;\"><strong> <strong>die drittwichtigste Rotweinrebsorte in Deuschland.<\/strong><br \/>\n<\/strong><\/span><\/p>\n<p><span style=\"font-size: medium;\"><strong>Art.Nr.: 11<\/strong><\/span><\/p>\n","protected":false},"excerpt":{"rendered":"<p>Erfrischender Terrassenwein, kr\u00e4ftige Farbe mit 8 g\/l Rests\u00fc\u00dfe, -spritzig &#8211; feinherb Abstammung: aus \u00d6sterreich-Ungarn im 19. Jahrhundert nach Deutschland gekommen. Nach Sp\u00e4tburgunder und Dornfelder, die drittwichtigste Rotweinrebsorte in Deuschland. Art.Nr.: [&hellip;]<\/p>\n","protected":false},"author":2,"featured_media":0,"parent":574,"menu_order":0,"comment_status":"open","ping_status":"open","template":"","meta":{"footnotes":""},"class_list":["post-575","page","type-page","status-publish","hentry"],"aioseo_notices":[],"_links":{"self":[{"href":"https:\/\/weinhaus-machmer.de\/blog\/wp-json\/wp\/v2\/pages\/575","targetHints":{"allow":["GET"]}}],"collection":[{"href":"https:\/\/weinhaus-machmer.de\/blog\/wp-json\/wp\/v2\/pages"}],"about":[{"href":"https:\/\/weinhaus-machmer.de\/blog\/wp-json\/wp\/v2\/types\/page"}],"author":[{"embeddable":true,"href":"https:\/\/weinhaus-machmer.de\/blog\/wp-json\/wp\/v2\/users\/2"}],"replies":[{"embeddable":true,"href":"https:\/\/weinhaus-machmer.de\/blog\/wp-json\/wp\/v2\/comments?post=575"}],"version-history":[{"count":11,"href":"https:\/\/weinhaus-machmer.de\/blog\/wp-json\/wp\/v2\/pages\/575\/revisions"}],"predecessor-version":[{"id":3676,"href":"https:\/\/weinhaus-machmer.de\/blog\/wp-json\/wp\/v2\/pages\/575\/revisions\/3676"}],"up":[{"embeddable":true,"href":"https:\/\/weinhaus-machmer.de\/blog\/wp-json\/wp\/v2\/pages\/574"}],"wp:attachment":[{"href":"https:\/\/weinhaus-machmer.de\/blog\/wp-json\/wp\/v2\/media?parent=575"}],"curies":[{"name":"wp","href":"https:\/\/api.w.org\/{rel}","templated":true}]}}