{"id":605,"date":"2011-08-01T23:17:33","date_gmt":"2011-08-01T21:17:33","guid":{"rendered":"http:\/\/weinhaus-machmer.de\/blog\/?page_id=605"},"modified":"2011-09-22T18:53:36","modified_gmt":"2011-09-22T16:53:36","slug":"dornfelder-rotwein-halbtrocken","status":"publish","type":"page","link":"https:\/\/weinhaus-machmer.de\/blog\/rotwein-trocken\/dornfelder-rotwein-halbtrocken\/","title":{"rendered":"Dornfelder Rotwein halbtrocken"},"content":{"rendered":"<p><span style=\"font-size: medium;\"><strong>Wuchtiger Rotwein, dezente Rests\u00fc\u00dfe.<\/strong><\/span><\/p>\n<p><span style=\"font-size: medium;\"><strong>Abstammung:<\/strong><\/span><\/p>\n<p><span style=\"font-size: medium;\"><strong>1955 vom August Herold neugez\u00fcchtete Rebsorte, die durch Kreuzung von<\/strong><\/span><\/p>\n<p><span style=\"font-size: medium;\"><strong>Heroldrebe und Helfensteiner erhalten wurde. Genannt nach dem<\/strong><\/span><\/p>\n<p><span style=\"font-size: medium;\"><strong>Kameralverwalter Immanuel Dornfel, dem Gr\u00fcnder der Weinbachschule.<\/strong><\/span><\/p>\n<p><span style=\"font-size: medium;\"><strong>Aromen:<\/strong><\/span><\/p>\n<p><span style=\"font-size: medium;\"><strong>Paprika, Zimt,Brombeere<\/strong><\/span><\/p>\n<p><span style=\"font-size: medium;\"><strong>Art.Nr.: 24<\/strong><\/span><\/p>\n","protected":false},"excerpt":{"rendered":"<p>Wuchtiger Rotwein, dezente Rests\u00fc\u00dfe. Abstammung: 1955 vom August Herold neugez\u00fcchtete Rebsorte, die durch Kreuzung von Heroldrebe und Helfensteiner erhalten wurde. Genannt nach dem Kameralverwalter Immanuel Dornfel, dem Gr\u00fcnder der Weinbachschule. [&hellip;]<\/p>\n","protected":false},"author":2,"featured_media":0,"parent":473,"menu_order":0,"comment_status":"open","ping_status":"open","template":"","meta":{"footnotes":""},"class_list":["post-605","page","type-page","status-publish","hentry"],"aioseo_notices":[],"_links":{"self":[{"href":"https:\/\/weinhaus-machmer.de\/blog\/wp-json\/wp\/v2\/pages\/605","targetHints":{"allow":["GET"]}}],"collection":[{"href":"https:\/\/weinhaus-machmer.de\/blog\/wp-json\/wp\/v2\/pages"}],"about":[{"href":"https:\/\/weinhaus-machmer.de\/blog\/wp-json\/wp\/v2\/types\/page"}],"author":[{"embeddable":true,"href":"https:\/\/weinhaus-machmer.de\/blog\/wp-json\/wp\/v2\/users\/2"}],"replies":[{"embeddable":true,"href":"https:\/\/weinhaus-machmer.de\/blog\/wp-json\/wp\/v2\/comments?post=605"}],"version-history":[{"count":9,"href":"https:\/\/weinhaus-machmer.de\/blog\/wp-json\/wp\/v2\/pages\/605\/revisions"}],"predecessor-version":[{"id":1336,"href":"https:\/\/weinhaus-machmer.de\/blog\/wp-json\/wp\/v2\/pages\/605\/revisions\/1336"}],"up":[{"embeddable":true,"href":"https:\/\/weinhaus-machmer.de\/blog\/wp-json\/wp\/v2\/pages\/473"}],"wp:attachment":[{"href":"https:\/\/weinhaus-machmer.de\/blog\/wp-json\/wp\/v2\/media?parent=605"}],"curies":[{"name":"wp","href":"https:\/\/api.w.org\/{rel}","templated":true}]}}