{"id":636,"date":"2011-08-02T10:13:24","date_gmt":"2011-08-02T08:13:24","guid":{"rendered":"http:\/\/weinhaus-machmer.de\/blog\/?page_id=636"},"modified":"2011-09-23T17:09:03","modified_gmt":"2011-09-23T15:09:03","slug":"weisburgunder-feinherb","status":"publish","type":"page","link":"https:\/\/weinhaus-machmer.de\/blog\/weiswein-lieblich\/weisburgunder-feinherb\/","title":{"rendered":"Wei\u00dfburgunder feinherb"},"content":{"rendered":"<p><span style=\"font-size: medium;\"><strong>F\u00fcr die Wei\u00dfburgunder-Fans, die ihn<\/strong><\/span><\/p>\n<p><span style=\"font-size: medium;\"><strong>&gt;runder&lt; bevorzugen. Feines Aroma,<\/strong><\/span><\/p>\n<p><span style=\"font-size: medium;\"><strong>15,5 g\/l Rests\u00fc\u00dfe.<\/strong><\/span><\/p>\n<p><span style=\"font-size: medium;\"><strong>Abstammung:<\/strong><\/span><\/p>\n<p><span style=\"font-size: medium;\"><strong>14 Jahrhundert in Frankreich als weitere Mutation vom<\/strong><\/span><\/p>\n<p><span style=\"font-size: medium;\"><strong>Blauen Burgunder (Pinot Noir) \u00fcber Grauburgunder zum Wei\u00dfburgunder.<\/strong><\/span><\/p>\n<p><span style=\"font-size: medium;\"><strong>Bis zu begin der Traubenreife sind alle drei Rebsorten kaum voneinander<\/strong><\/span><\/p>\n<p><span style=\"font-size: medium;\"><strong>zu unterscheiden<\/strong><\/span><\/p>\n<p><span style=\"font-size: medium;\"><strong>Aromen:<\/strong><\/span><\/p>\n<p><span style=\"font-size: medium;\"><strong><strong>leichter Apfelgeruch, Bananen, Zitronen und Pfirsiche<\/strong><\/strong><\/span><\/p>\n<p><span style=\"font-size: medium;\"><strong>Art.Nr.: 42<\/strong><\/span><\/p>\n","protected":false},"excerpt":{"rendered":"<p>F\u00fcr die Wei\u00dfburgunder-Fans, die ihn &gt;runder&lt; bevorzugen. Feines Aroma, 15,5 g\/l Rests\u00fc\u00dfe. Abstammung: 14 Jahrhundert in Frankreich als weitere Mutation vom Blauen Burgunder (Pinot Noir) \u00fcber Grauburgunder zum Wei\u00dfburgunder. Bis [&hellip;]<\/p>\n","protected":false},"author":2,"featured_media":0,"parent":469,"menu_order":0,"comment_status":"open","ping_status":"open","template":"","meta":{"footnotes":""},"class_list":["post-636","page","type-page","status-publish","hentry"],"aioseo_notices":[],"_links":{"self":[{"href":"https:\/\/weinhaus-machmer.de\/blog\/wp-json\/wp\/v2\/pages\/636","targetHints":{"allow":["GET"]}}],"collection":[{"href":"https:\/\/weinhaus-machmer.de\/blog\/wp-json\/wp\/v2\/pages"}],"about":[{"href":"https:\/\/weinhaus-machmer.de\/blog\/wp-json\/wp\/v2\/types\/page"}],"author":[{"embeddable":true,"href":"https:\/\/weinhaus-machmer.de\/blog\/wp-json\/wp\/v2\/users\/2"}],"replies":[{"embeddable":true,"href":"https:\/\/weinhaus-machmer.de\/blog\/wp-json\/wp\/v2\/comments?post=636"}],"version-history":[{"count":6,"href":"https:\/\/weinhaus-machmer.de\/blog\/wp-json\/wp\/v2\/pages\/636\/revisions"}],"predecessor-version":[{"id":1672,"href":"https:\/\/weinhaus-machmer.de\/blog\/wp-json\/wp\/v2\/pages\/636\/revisions\/1672"}],"up":[{"embeddable":true,"href":"https:\/\/weinhaus-machmer.de\/blog\/wp-json\/wp\/v2\/pages\/469"}],"wp:attachment":[{"href":"https:\/\/weinhaus-machmer.de\/blog\/wp-json\/wp\/v2\/media?parent=636"}],"curies":[{"name":"wp","href":"https:\/\/api.w.org\/{rel}","templated":true}]}}