{"id":686,"date":"2011-08-02T11:29:59","date_gmt":"2011-08-02T09:29:59","guid":{"rendered":"http:\/\/weinhaus-machmer.de\/blog\/?page_id=686"},"modified":"2011-08-23T14:11:46","modified_gmt":"2011-08-23T12:11:46","slug":"kerner-spatlese-lieblich","status":"publish","type":"page","link":"https:\/\/weinhaus-machmer.de\/blog\/weiswein-lieblich-2\/kerner-spatlese-lieblich\/","title":{"rendered":"Kerner Sp\u00e4tlese lieblich"},"content":{"rendered":"<p><span style=\"font-size: medium;\"><strong>Herzhafte Fruchtaromen, Tolle Naturs\u00fc\u00dfe,<\/strong><\/span><\/p>\n<p><span style=\"font-size: medium;\"><strong>kr\u00e4ftiger Abgang.<\/strong><\/span><\/p>\n<p><span style=\"font-size: medium;\"><strong>Abstammung:<\/strong><\/span><\/p>\n<p><span style=\"font-size: medium;\"><strong>vom August Herold 1929 im Raum Weinsberg aus Trollinger<\/strong><\/span><\/p>\n<p><span style=\"font-size: medium;\"><strong> und Riesling gekreuzt und anfangs auch als Herold genannt.<\/strong><\/span><\/p>\n<p><span style=\"font-size: medium;\"><strong>Sp\u00e4ter nach dem Dichter Justinus Kerner der in Weinsberg <\/strong><\/span><\/p>\n<p><span style=\"font-size: medium;\"><strong>ans\u00e4ssig war als Kerner umbenannt. <\/strong><\/span><\/p>\n<p><span style=\"font-size: medium;\"><strong>Aromen:<\/strong><\/span><\/p>\n<p><span style=\"font-size: medium;\"><strong>Apfel, Johannisbeere, Birne, Rosinen, Honig, Aprikose.<\/strong><\/span><\/p>\n<p><span style=\"font-size: medium;\"><strong>Serviertemperatur 10 bis 12\u00b0C<\/strong><\/span><\/p>\n<p><span style=\"font-size: medium;\"><strong>Art.Nr.: 58<\/strong><\/span><\/p>\n","protected":false},"excerpt":{"rendered":"<p>Herzhafte Fruchtaromen, Tolle Naturs\u00fc\u00dfe, kr\u00e4ftiger Abgang. Abstammung: vom August Herold 1929 im Raum Weinsberg aus Trollinger und Riesling gekreuzt und anfangs auch als Herold genannt. Sp\u00e4ter nach dem Dichter Justinus [&hellip;]<\/p>\n","protected":false},"author":2,"featured_media":0,"parent":673,"menu_order":0,"comment_status":"open","ping_status":"open","template":"","meta":{"footnotes":""},"class_list":["post-686","page","type-page","status-publish","hentry"],"aioseo_notices":[],"_links":{"self":[{"href":"https:\/\/weinhaus-machmer.de\/blog\/wp-json\/wp\/v2\/pages\/686","targetHints":{"allow":["GET"]}}],"collection":[{"href":"https:\/\/weinhaus-machmer.de\/blog\/wp-json\/wp\/v2\/pages"}],"about":[{"href":"https:\/\/weinhaus-machmer.de\/blog\/wp-json\/wp\/v2\/types\/page"}],"author":[{"embeddable":true,"href":"https:\/\/weinhaus-machmer.de\/blog\/wp-json\/wp\/v2\/users\/2"}],"replies":[{"embeddable":true,"href":"https:\/\/weinhaus-machmer.de\/blog\/wp-json\/wp\/v2\/comments?post=686"}],"version-history":[{"count":6,"href":"https:\/\/weinhaus-machmer.de\/blog\/wp-json\/wp\/v2\/pages\/686\/revisions"}],"predecessor-version":[{"id":1520,"href":"https:\/\/weinhaus-machmer.de\/blog\/wp-json\/wp\/v2\/pages\/686\/revisions\/1520"}],"up":[{"embeddable":true,"href":"https:\/\/weinhaus-machmer.de\/blog\/wp-json\/wp\/v2\/pages\/673"}],"wp:attachment":[{"href":"https:\/\/weinhaus-machmer.de\/blog\/wp-json\/wp\/v2\/media?parent=686"}],"curies":[{"name":"wp","href":"https:\/\/api.w.org\/{rel}","templated":true}]}}