{"id":829,"date":"2011-08-02T18:24:32","date_gmt":"2011-08-02T16:24:32","guid":{"rendered":"http:\/\/weinhaus-machmer.de\/blog\/?page_id=829"},"modified":"2013-09-04T17:21:37","modified_gmt":"2013-09-04T15:21:37","slug":"don-pinot-cuvee-rotwein-trocken-barrique","status":"publish","type":"page","link":"https:\/\/weinhaus-machmer.de\/blog\/weine-der-spitzenklasse\/don-pinot-cuvee-rotwein-trocken-barrique\/","title":{"rendered":"Don Pinot Cuv\u00e9e Rotwein trocken Barrique"},"content":{"rendered":"<p><span style=\"font-size: medium;\"><strong>Dezente Holzaromen, ausdrucksvolles Bukett<\/strong><\/span><\/p>\n<p><span style=\"font-size: medium;\"><strong>mit feinen Ankl\u00e4ngen an S\u00fc\u00dfkirsche und<\/strong><\/span><\/p>\n<p><span style=\"font-size: medium;\"><strong>frischen Kr\u00e4utern, im Mund samtig-trocken<\/strong><\/span><\/p>\n<p><span style=\"font-size: medium;\"><strong>mit erstaunlicher Tiefe. Ein Cuvee aus<\/strong><\/span><\/p>\n<p><span style=\"font-size: medium;\"><strong>Dornfelder, Sp\u00e4tburgunder und Cabernet Sauvignon. <\/strong><\/span><\/p>\n<p><span style=\"font-size: medium;\"><strong>Platz 6 der 10 besten Rotwein-Cuv\u00e9es Deutschlands &#8211;<\/strong><\/span><\/p>\n<p><span style=\"font-size: medium;\"><strong>Ausgabe 03.12.2012 von Magazin &#8222;Focus&#8220;.<\/strong><\/span><\/p>\n<p><span style=\"font-size: medium;\"><strong>Art.Nr.: \u00a0 \u00a0 94 &#8211; 0,7 l <\/strong><\/span><\/p>\n<p><span style=\"font-size: medium;\"><strong>\u00a0 \u00a0 \u00a0 \u00a0 \u00a0 \u00a0 \u00a0 \u00a0 \u00a0 304 &#8211; 1,5 l <\/strong><\/span><\/p>\n<p><span style=\"font-size: medium;\"><strong>\u00a0 \u00a0 \u00a0 \u00a0 \u00a0 \u00a0 \u00a0 \u00a0 \u00a0 305 &#8211; 3,0 l<\/strong><\/span><\/p>\n","protected":false},"excerpt":{"rendered":"<p>Dezente Holzaromen, ausdrucksvolles Bukett mit feinen Ankl\u00e4ngen an S\u00fc\u00dfkirsche und frischen Kr\u00e4utern, im Mund samtig-trocken mit erstaunlicher Tiefe. Ein Cuvee aus Dornfelder, Sp\u00e4tburgunder und Cabernet Sauvignon. Platz 6 der 10 [&hellip;]<\/p>\n","protected":false},"author":2,"featured_media":0,"parent":716,"menu_order":0,"comment_status":"open","ping_status":"open","template":"","meta":{"footnotes":""},"class_list":["post-829","page","type-page","status-publish","hentry"],"aioseo_notices":[],"_links":{"self":[{"href":"https:\/\/weinhaus-machmer.de\/blog\/wp-json\/wp\/v2\/pages\/829","targetHints":{"allow":["GET"]}}],"collection":[{"href":"https:\/\/weinhaus-machmer.de\/blog\/wp-json\/wp\/v2\/pages"}],"about":[{"href":"https:\/\/weinhaus-machmer.de\/blog\/wp-json\/wp\/v2\/types\/page"}],"author":[{"embeddable":true,"href":"https:\/\/weinhaus-machmer.de\/blog\/wp-json\/wp\/v2\/users\/2"}],"replies":[{"embeddable":true,"href":"https:\/\/weinhaus-machmer.de\/blog\/wp-json\/wp\/v2\/comments?post=829"}],"version-history":[{"count":13,"href":"https:\/\/weinhaus-machmer.de\/blog\/wp-json\/wp\/v2\/pages\/829\/revisions"}],"predecessor-version":[{"id":2787,"href":"https:\/\/weinhaus-machmer.de\/blog\/wp-json\/wp\/v2\/pages\/829\/revisions\/2787"}],"up":[{"embeddable":true,"href":"https:\/\/weinhaus-machmer.de\/blog\/wp-json\/wp\/v2\/pages\/716"}],"wp:attachment":[{"href":"https:\/\/weinhaus-machmer.de\/blog\/wp-json\/wp\/v2\/media?parent=829"}],"curies":[{"name":"wp","href":"https:\/\/api.w.org\/{rel}","templated":true}]}}