{"id":847,"date":"2011-08-03T09:12:17","date_gmt":"2011-08-03T07:12:17","guid":{"rendered":"http:\/\/weinhaus-machmer.de\/blog\/?page_id=847"},"modified":"2011-09-01T19:34:03","modified_gmt":"2011-09-01T17:34:03","slug":"mm-secco","status":"publish","type":"page","link":"https:\/\/weinhaus-machmer.de\/blog\/secco-sekte\/mm-secco\/","title":{"rendered":"MM Secco (Rebsorte: Bacchus)"},"content":{"rendered":"<p><span style=\"font-size: medium;\"><strong>Ein prickelnder Genuss, fruchtig, spritzig und leicht, k\u00fchl genie\u00dfen.<\/strong><\/span><\/p>\n<p><span style=\"font-size: medium;\"><strong>Perlwein mit Zugesetzter Kohlens\u00e4ure.<\/strong><\/span><\/p>\n<p><span style=\"font-size: medium;\"><strong>Abstammung:<\/strong><\/span><\/p>\n<p><span style=\"font-size: medium;\"><strong>1933 von Peter Morio und Brnhard Husfeld gez\u00fcchtete Kreuzung<\/strong><\/span><\/p>\n<p><span style=\"font-size: medium;\"><strong> von Riesling, Silvaner und M\u00fcller-Thurgau<\/strong><\/span>.<\/p>\n<p><span style=\"font-size: medium;\"><strong>Aromen:<\/strong><\/span><\/p>\n<p><span style=\"font-size: medium;\"><strong>blumig-fruchtiges Aroma.<\/strong><\/span><\/p>\n<p><span style=\"font-size: medium;\"><strong>Art.Nr.: 200<\/strong><\/span><\/p>\n<p><span style=\"font-size: medium;\"><strong><a href=\"http:\/\/weinhaus-machmer.de\/blog\/wp-content\/uploads\/2011\/08\/Secco.jpg\"><img loading=\"lazy\" decoding=\"async\" class=\"alignnone size-full wp-image-1716\" title=\"Secco\" src=\"http:\/\/weinhaus-machmer.de\/blog\/wp-content\/uploads\/2011\/08\/Secco.jpg\" alt=\"\" width=\"259\" height=\"387\" \/><\/a><\/strong><\/span><\/p>\n","protected":false},"excerpt":{"rendered":"<p>Ein prickelnder Genuss, fruchtig, spritzig und leicht, k\u00fchl genie\u00dfen. Perlwein mit Zugesetzter Kohlens\u00e4ure. Abstammung: 1933 von Peter Morio und Brnhard Husfeld gez\u00fcchtete Kreuzung von Riesling, Silvaner und M\u00fcller-Thurgau. Aromen: blumig-fruchtiges [&hellip;]<\/p>\n","protected":false},"author":2,"featured_media":0,"parent":841,"menu_order":0,"comment_status":"open","ping_status":"open","template":"","meta":{"footnotes":""},"class_list":["post-847","page","type-page","status-publish","hentry"],"aioseo_notices":[],"_links":{"self":[{"href":"https:\/\/weinhaus-machmer.de\/blog\/wp-json\/wp\/v2\/pages\/847","targetHints":{"allow":["GET"]}}],"collection":[{"href":"https:\/\/weinhaus-machmer.de\/blog\/wp-json\/wp\/v2\/pages"}],"about":[{"href":"https:\/\/weinhaus-machmer.de\/blog\/wp-json\/wp\/v2\/types\/page"}],"author":[{"embeddable":true,"href":"https:\/\/weinhaus-machmer.de\/blog\/wp-json\/wp\/v2\/users\/2"}],"replies":[{"embeddable":true,"href":"https:\/\/weinhaus-machmer.de\/blog\/wp-json\/wp\/v2\/comments?post=847"}],"version-history":[{"count":9,"href":"https:\/\/weinhaus-machmer.de\/blog\/wp-json\/wp\/v2\/pages\/847\/revisions"}],"predecessor-version":[{"id":850,"href":"https:\/\/weinhaus-machmer.de\/blog\/wp-json\/wp\/v2\/pages\/847\/revisions\/850"}],"up":[{"embeddable":true,"href":"https:\/\/weinhaus-machmer.de\/blog\/wp-json\/wp\/v2\/pages\/841"}],"wp:attachment":[{"href":"https:\/\/weinhaus-machmer.de\/blog\/wp-json\/wp\/v2\/media?parent=847"}],"curies":[{"name":"wp","href":"https:\/\/api.w.org\/{rel}","templated":true}]}}