{"id":906,"date":"2011-08-03T10:32:29","date_gmt":"2011-08-03T08:32:29","guid":{"rendered":"http:\/\/weinhaus-machmer.de\/blog\/?page_id=906"},"modified":"2022-11-17T15:52:34","modified_gmt":"2022-11-17T13:52:34","slug":"geschenkverpackung","status":"publish","type":"page","link":"https:\/\/weinhaus-machmer.de\/blog\/geschenkverpackung\/","title":{"rendered":"Geschenkideen"},"content":{"rendered":"<p><span style=\"font-size: medium;\"><strong>Eine Auswahl von Geschenken, z.B. zum Weihnachten, f\u00fcr Ihre Kunden.<\/strong><\/span><\/p>\n<p><span style=\"font-size: medium;\"><strong>Jede Holzkiste kann z.B. mit Holzwolle f\u00fcr den Schutz des Inhaltes<\/strong><\/span><\/p>\n<p><span style=\"font-size: medium;\"><strong>ausgelegt werden. Die Preise stehen f\u00fcr Holzkiste ohne Inhalt.<\/strong><\/span><\/p>\n<p><span style=\"font-size: medium;\"><strong> Unten ein Paar Bilder mit Beispielen.<br \/>\n<\/strong><\/span><\/p>\n<p><span style=\"font-size: 8pt;\">Alle Preise inkl. gesetzl. MwSt., bei Versand zzgl. Versandkosten.<\/span><\/p>\n<p><span style=\"font-size: 8pt;\">Kein Verkauf an Jugendliche unter 18 Jahren!<\/span><\/p>\n<table style=\"height: 180px; width: 91.143082%;\" border=\"0\">\n<tbody>\n<tr>\n<td style=\"width: 75.349742%;\"><\/td>\n<td style=\"width: 11.103835%;\" align=\"center\"><span style=\"font-size: medium;\"><strong>\u00a0Preis auf Anfrage<\/strong><\/span><\/td>\n<td style=\"width: 1.217656%;\" align=\"center\"><\/td>\n<td style=\"width: 11.21626%;\" align=\"center\"><span style=\"font-size: medium;\"><strong>Art.Nr. <\/strong><\/span><\/td>\n<td style=\"width: 7.953241%;\"><\/td>\n<\/tr>\n<tr>\n<td style=\"width: 75.349742%;\"><a title=\"Rustikale Holzkiste 2er\" href=\"http:\/\/weinhaus-machmer.de\/blog\/?page_id=913\"><span style=\"font-size: medium;\"><strong>Rustikale Holzkiste 2er<\/strong><\/span><\/a><\/td>\n<td style=\"width: 11.103835%;\" align=\"center\"><span style=\"font-size: medium;\"><strong>\u00a0<\/strong><\/span><\/td>\n<td style=\"width: 1.217656%;\" align=\"center\"><\/td>\n<td style=\"width: 11.21626%;\" align=\"center\"><span style=\"font-size: medium;\"><strong>601 <\/strong><\/span><\/td>\n<td style=\"width: 7.953241%;\"><\/td>\n<\/tr>\n<tr>\n<td style=\"width: 75.349742%;\"><a title=\"Rustikale Holzkiste 3er\" href=\"http:\/\/weinhaus-machmer.de\/blog\/?page_id=917\"><span style=\"font-size: medium;\"><strong>Rustikale Holzkiste 3er<\/strong><\/span><\/a><\/td>\n<td style=\"width: 11.103835%;\" align=\"center\"><span style=\"font-size: medium;\"><strong>\u00a0<\/strong><\/span><\/td>\n<td style=\"width: 1.217656%;\" align=\"center\"><\/td>\n<td style=\"width: 11.21626%;\" align=\"center\"><span style=\"font-size: medium;\"><strong>602<\/strong><\/span><\/td>\n<td style=\"width: 7.953241%;\"><\/td>\n<\/tr>\n<tr>\n<td style=\"width: 75.349742%;\"><a title=\"Rustikale Holzkiste 6er\" href=\"http:\/\/weinhaus-machmer.de\/blog\/?page_id=920\"><span style=\"font-size: medium;\"><strong>Rustikale Holzkiste 6er<\/strong><\/span><\/a><\/td>\n<td style=\"width: 11.103835%;\" align=\"center\"><span style=\"font-size: medium;\"><strong>\u00a0<\/strong><\/span><\/td>\n<td style=\"width: 1.217656%;\" align=\"center\"><\/td>\n<td style=\"width: 11.21626%;\" align=\"center\"><span style=\"font-size: medium;\"><strong>603<\/strong><\/span><\/td>\n<td style=\"width: 7.953241%;\"><\/td>\n<\/tr>\n<tr>\n<td style=\"width: 75.349742%;\"><a title=\"Rustikale Holzkiste 12er\" href=\"http:\/\/weinhaus-machmer.de\/blog\/?page_id=923\"><span style=\"font-size: medium;\"><strong>Rustikale Holzkiste 12er<\/strong><\/span><\/a><\/td>\n<td style=\"width: 11.103835%;\" align=\"center\"><span style=\"font-size: medium;\"><strong>\u00a0<\/strong><\/span><\/td>\n<td style=\"width: 1.217656%;\" align=\"center\"><\/td>\n<td style=\"width: 11.21626%;\" align=\"center\"><span style=\"font-size: medium;\"><strong>604<\/strong><\/span><\/td>\n<td style=\"width: 7.953241%;\"><\/td>\n<\/tr>\n<tr>\n<td style=\"width: 75.349742%;\"><span style=\"font-size: medium;\"><strong>Weinsteige (Holzkiste) &#8222;Wein aus deutschen Landen&#8220;<\/strong><\/span><\/td>\n<td style=\"width: 11.103835%;\"><span style=\"font-size: medium;\"><strong>\u00a0 \u00a0\u00a0<\/strong><\/span><\/td>\n<td style=\"width: 1.217656%;\"><\/td>\n<td style=\"width: 11.21626%;\"><span style=\"font-size: medium;\"><strong>\u00a0 \u00a06011<\/strong><\/span><\/td>\n<td style=\"width: 7.953241%;\"><\/td>\n<\/tr>\n<tr>\n<td style=\"width: 75.349742%;\"><strong>\u00a0<span style=\"font-size: medium;\">1er Faltschachtel<\/span><\/strong><\/td>\n<td style=\"text-align: center; width: 11.103835%;\"><strong><span style=\"font-size: medium;\">\u00a0 \u00a0<\/span><\/strong><\/td>\n<td style=\"width: 1.217656%;\"><strong>\u00a0<\/strong><\/td>\n<td style=\"text-align: center; width: 11.21626%;\"><strong><span style=\"font-size: medium;\">605<\/span><\/strong><\/td>\n<td style=\"width: 7.953241%;\"><\/td>\n<\/tr>\n<tr>\n<td style=\"width: 75.349742%;\"><span style=\"font-size: medium;\"><strong>\u00a01er Traget\u00fcte mit Fenster<\/strong><\/span><\/td>\n<td style=\"text-align: center; width: 11.103835%;\"><span style=\"font-size: medium;\"><strong>\u00a0 \u00a0<\/strong><\/span><\/td>\n<td style=\"width: 1.217656%;\"><span style=\"font-size: medium;\"><strong>\u00a0<\/strong><\/span><\/td>\n<td style=\"text-align: center; width: 11.21626%;\"><span style=\"font-size: medium;\"><strong>6051<\/strong><\/span><\/td>\n<td style=\"width: 7.953241%;\"><\/td>\n<\/tr>\n<tr>\n<td style=\"width: 75.349742%;\"><strong><span style=\"font-size: medium;\">\u00a02er Faltschachtel<\/span><\/strong><\/td>\n<td style=\"text-align: center; width: 11.103835%;\"><strong><span style=\"font-size: medium;\">\u00a0 \u00a0<\/span><\/strong><\/td>\n<td style=\"width: 1.217656%;\"><strong><span style=\"font-size: medium;\">\u00a0<\/span><\/strong><\/td>\n<td style=\"text-align: center; width: 11.21626%;\"><strong><span style=\"font-size: medium;\">606<\/span><\/strong><\/td>\n<td style=\"width: 7.953241%;\"><\/td>\n<\/tr>\n<tr>\n<td style=\"width: 75.349742%;\"><span style=\"font-size: medium;\"><strong>\u00a02er Traget\u00fcte mit Fenster<\/strong><\/span><\/td>\n<td style=\"text-align: center; width: 11.103835%;\"><span style=\"font-size: medium;\"><strong>\u00a0 \u00a0<\/strong><\/span><\/td>\n<td style=\"width: 1.217656%;\"><span style=\"font-size: medium;\"><strong>\u00a0<\/strong><\/span><\/td>\n<td style=\"text-align: center; width: 11.21626%;\"><span style=\"font-size: medium;\"><strong>6061<\/strong><\/span><\/td>\n<td style=\"width: 7.953241%;\"><\/td>\n<\/tr>\n<tr>\n<td style=\"width: 75.349742%;\"><span style=\"font-size: medium;\"><strong>\u00a02er Tragekarton OW<\/strong><\/span><\/td>\n<td style=\"text-align: center; width: 11.103835%;\"><span style=\"font-size: medium;\"><strong>\u00a0 \u00a0<\/strong><\/span><\/td>\n<td style=\"width: 1.217656%;\"><span style=\"font-size: medium;\"><strong>\u00a0<\/strong><\/span><\/td>\n<td style=\"text-align: center; width: 11.21626%;\"><span style=\"font-size: medium;\"><strong>608\u00a0<\/strong><\/span><\/td>\n<td style=\"width: 7.953241%;\"><\/td>\n<\/tr>\n<tr>\n<td style=\"width: 75.349742%;\"><span style=\"font-size: medium;\"><strong>\u00a02er Geschenkkarton mit Pr\u00e4gung<\/strong><\/span><\/td>\n<td style=\"text-align: center; width: 11.103835%;\"><span style=\"font-size: medium;\"><strong>\u00a0 \u00a0<\/strong><\/span><\/td>\n<td style=\"width: 1.217656%;\"><span style=\"font-size: medium;\"><strong>\u00a0<\/strong><\/span><\/td>\n<td style=\"text-align: center; width: 11.21626%;\"><span style=\"font-size: medium;\"><strong>6062<\/strong><\/span><\/td>\n<td style=\"width: 7.953241%;\"><\/td>\n<\/tr>\n<tr>\n<td style=\"width: 75.349742%;\"><span style=\"font-size: medium;\"><strong>\u00a03er Faltschachtel\u00a0<\/strong><\/span><\/td>\n<td style=\"text-align: center; width: 11.103835%;\"><span style=\"font-size: medium;\"><strong>\u00a0 \u00a0<\/strong><\/span><\/td>\n<td style=\"width: 1.217656%;\"><\/td>\n<td style=\"text-align: center; width: 11.21626%;\"><span style=\"font-size: medium;\"><strong>607<\/strong><\/span><\/td>\n<td style=\"width: 7.953241%;\"><\/td>\n<\/tr>\n<tr>\n<td style=\"width: 75.349742%;\">\u00a0<strong>Holzwolle f\u00fcr Rustikale Holzkiste (pro F\u00fcllung)<\/strong><\/td>\n<td style=\"text-align: center; width: 11.103835%;\"><strong>\u00a0<\/strong><\/td>\n<td style=\"width: 1.217656%;\"><\/td>\n<td style=\"text-align: center; width: 11.21626%;\">\u00a0<strong>609<\/strong><\/td>\n<td style=\"width: 7.953241%;\"><\/td>\n<\/tr>\n<\/tbody>\n<\/table>\n\n\t\t<style type=\"text\/css\">\n\t\t\t#gallery-1 {\n\t\t\t\tmargin: auto;\n\t\t\t}\n\t\t\t#gallery-1 .gallery-item {\n\t\t\t\tfloat: left;\n\t\t\t\tmargin-top: 10px;\n\t\t\t\ttext-align: center;\n\t\t\t\twidth: 33%;\n\t\t\t}\n\t\t\t#gallery-1 img {\n\t\t\t\tborder: 2px solid #cfcfcf;\n\t\t\t}\n\t\t\t#gallery-1 .gallery-caption {\n\t\t\t\tmargin-left: 0;\n\t\t\t}\n\t\t\t\/* see gallery_shortcode() in wp-includes\/media.php *\/\n\t\t<\/style>\n\t\t<div id='gallery-1' class='gallery galleryid-906 gallery-columns-3 gallery-size-thumbnail'><dl class='gallery-item'>\n\t\t\t<dt class='gallery-icon landscape'>\n\t\t\t\t<a href='https:\/\/weinhaus-machmer.de\/blog\/wp-content\/uploads\/2011\/08\/Holzkiste7.jpg'><img loading=\"lazy\" decoding=\"async\" width=\"128\" height=\"85\" src=\"https:\/\/weinhaus-machmer.de\/blog\/wp-content\/uploads\/2011\/08\/Holzkiste7.jpg\" class=\"attachment-thumbnail size-thumbnail\" alt=\"\" \/><\/a>\n\t\t\t<\/dt><\/dl><dl class='gallery-item'>\n\t\t\t<dt class='gallery-icon landscape'>\n\t\t\t\t<a href='https:\/\/weinhaus-machmer.de\/blog\/wp-content\/uploads\/2011\/08\/Holzkiste-mit-Inhalt7.jpg'><img loading=\"lazy\" decoding=\"async\" width=\"128\" height=\"85\" src=\"https:\/\/weinhaus-machmer.de\/blog\/wp-content\/uploads\/2011\/08\/Holzkiste-mit-Inhalt7.jpg\" class=\"attachment-thumbnail size-thumbnail\" alt=\"\" \/><\/a>\n\t\t\t<\/dt><\/dl><dl class='gallery-item'>\n\t\t\t<dt class='gallery-icon landscape'>\n\t\t\t\t<a href='https:\/\/weinhaus-machmer.de\/blog\/wp-content\/uploads\/2011\/08\/Holzkiste-mit-Inhalt5.jpg'><img loading=\"lazy\" decoding=\"async\" width=\"128\" height=\"85\" src=\"https:\/\/weinhaus-machmer.de\/blog\/wp-content\/uploads\/2011\/08\/Holzkiste-mit-Inhalt5.jpg\" class=\"attachment-thumbnail size-thumbnail\" alt=\"\" \/><\/a>\n\t\t\t<\/dt><\/dl><br style=\"clear: both\" \/><dl class='gallery-item'>\n\t\t\t<dt class='gallery-icon portrait'>\n\t\t\t\t<a href='https:\/\/weinhaus-machmer.de\/blog\/wp-content\/uploads\/2011\/08\/Holzkiste-mit-Inhalt.jpg'><img loading=\"lazy\" decoding=\"async\" width=\"64\" height=\"96\" src=\"https:\/\/weinhaus-machmer.de\/blog\/wp-content\/uploads\/2011\/08\/Holzkiste-mit-Inhalt.jpg\" class=\"attachment-thumbnail size-thumbnail\" alt=\"\" \/><\/a>\n\t\t\t<\/dt><\/dl><dl class='gallery-item'>\n\t\t\t<dt class='gallery-icon portrait'>\n\t\t\t\t<a href='https:\/\/weinhaus-machmer.de\/blog\/wp-content\/uploads\/2011\/08\/1er-Faltschachtel.jpg'><img loading=\"lazy\" decoding=\"async\" width=\"64\" height=\"96\" src=\"https:\/\/weinhaus-machmer.de\/blog\/wp-content\/uploads\/2011\/08\/1er-Faltschachtel.jpg\" class=\"attachment-thumbnail size-thumbnail\" alt=\"\" \/><\/a>\n\t\t\t<\/dt><\/dl><dl class='gallery-item'>\n\t\t\t<dt class='gallery-icon landscape'>\n\t\t\t\t<a href='https:\/\/weinhaus-machmer.de\/blog\/wp-content\/uploads\/2011\/08\/1er-Karton-mit-Fenster.jpg'><img loading=\"lazy\" decoding=\"async\" width=\"128\" height=\"85\" src=\"https:\/\/weinhaus-machmer.de\/blog\/wp-content\/uploads\/2011\/08\/1er-Karton-mit-Fenster.jpg\" class=\"attachment-thumbnail size-thumbnail\" alt=\"\" \/><\/a>\n\t\t\t<\/dt><\/dl><br style=\"clear: both\" \/><dl class='gallery-item'>\n\t\t\t<dt class='gallery-icon landscape'>\n\t\t\t\t<a href='https:\/\/weinhaus-machmer.de\/blog\/wp-content\/uploads\/2011\/08\/2er-T\u00fcte-Offene-Welle.jpg'><img loading=\"lazy\" decoding=\"async\" width=\"128\" height=\"85\" src=\"https:\/\/weinhaus-machmer.de\/blog\/wp-content\/uploads\/2011\/08\/2er-T\u00fcte-Offene-Welle.jpg\" class=\"attachment-thumbnail size-thumbnail\" alt=\"\" \/><\/a>\n\t\t\t<\/dt><\/dl><dl class='gallery-item'>\n\t\t\t<dt class='gallery-icon landscape'>\n\t\t\t\t<a href='https:\/\/weinhaus-machmer.de\/blog\/wp-content\/uploads\/2011\/08\/2er-Faltschachtel.jpg'><img loading=\"lazy\" decoding=\"async\" width=\"128\" height=\"85\" src=\"https:\/\/weinhaus-machmer.de\/blog\/wp-content\/uploads\/2011\/08\/2er-Faltschachtel.jpg\" class=\"attachment-thumbnail size-thumbnail\" alt=\"\" \/><\/a>\n\t\t\t<\/dt><\/dl><dl class='gallery-item'>\n\t\t\t<dt class='gallery-icon landscape'>\n\t\t\t\t<a href='https:\/\/weinhaus-machmer.de\/blog\/wp-content\/uploads\/2011\/08\/2er-Tuete-mit-Fenster.jpg'><img loading=\"lazy\" decoding=\"async\" width=\"128\" height=\"85\" src=\"https:\/\/weinhaus-machmer.de\/blog\/wp-content\/uploads\/2011\/08\/2er-Tuete-mit-Fenster.jpg\" class=\"attachment-thumbnail size-thumbnail\" alt=\"\" \/><\/a>\n\t\t\t<\/dt><\/dl><br style=\"clear: both\" \/><dl class='gallery-item'>\n\t\t\t<dt class='gallery-icon landscape'>\n\t\t\t\t<a href='https:\/\/weinhaus-machmer.de\/blog\/wp-content\/uploads\/2011\/08\/2er-Karton-mit-Pr\u00e4gung.jpg'><img loading=\"lazy\" decoding=\"async\" width=\"128\" height=\"85\" src=\"https:\/\/weinhaus-machmer.de\/blog\/wp-content\/uploads\/2011\/08\/2er-Karton-mit-Pr\u00e4gung.jpg\" class=\"attachment-thumbnail size-thumbnail\" alt=\"\" \/><\/a>\n\t\t\t<\/dt><\/dl>\n\t\t\t<br style='clear: both' \/>\n\t\t<\/div>\n\n","protected":false},"excerpt":{"rendered":"<p>Eine Auswahl von Geschenken, z.B. zum Weihnachten, f\u00fcr Ihre Kunden. Jede Holzkiste kann z.B. mit Holzwolle f\u00fcr den Schutz des Inhaltes ausgelegt werden. Die Preise stehen f\u00fcr Holzkiste ohne Inhalt. [&hellip;]<\/p>\n","protected":false},"author":2,"featured_media":0,"parent":0,"menu_order":0,"comment_status":"open","ping_status":"open","template":"","meta":{"footnotes":""},"class_list":["post-906","page","type-page","status-publish","hentry"],"aioseo_notices":[],"_links":{"self":[{"href":"https:\/\/weinhaus-machmer.de\/blog\/wp-json\/wp\/v2\/pages\/906","targetHints":{"allow":["GET"]}}],"collection":[{"href":"https:\/\/weinhaus-machmer.de\/blog\/wp-json\/wp\/v2\/pages"}],"about":[{"href":"https:\/\/weinhaus-machmer.de\/blog\/wp-json\/wp\/v2\/types\/page"}],"author":[{"embeddable":true,"href":"https:\/\/weinhaus-machmer.de\/blog\/wp-json\/wp\/v2\/users\/2"}],"replies":[{"embeddable":true,"href":"https:\/\/weinhaus-machmer.de\/blog\/wp-json\/wp\/v2\/comments?post=906"}],"version-history":[{"count":33,"href":"https:\/\/weinhaus-machmer.de\/blog\/wp-json\/wp\/v2\/pages\/906\/revisions"}],"predecessor-version":[{"id":92553,"href":"https:\/\/weinhaus-machmer.de\/blog\/wp-json\/wp\/v2\/pages\/906\/revisions\/92553"}],"wp:attachment":[{"href":"https:\/\/weinhaus-machmer.de\/blog\/wp-json\/wp\/v2\/media?parent=906"}],"curies":[{"name":"wp","href":"https:\/\/api.w.org\/{rel}","templated":true}]}}